r of 10 and 507810.
10
What is the highest common factor of 32858 and 8?
2
Calculate the greatest common factor of 858 and 4224.
66
What is the greatest common factor of 22 and 23859?
11
What is the greatest common divisor of 1004 and 3263?
251
Calculate the greatest common divisor of 1715975 and 5.
5
Calculate the greatest common factor of 77406 and 126.
42
What is the highest common divisor of 407 and 9130?
11
What is the highest common factor of 90 and 2560?
10
Calculate the highest common divisor of 6678 and 292348.
742
What is the greatest common divisor of 60894 and 5661?
153
Calculate the highest common factor of 22455 and 180.
45
What is the highest common factor of 80 and 326020?
20
Calculate the greatest common divisor of 411291 and 54.
27
Calculate the greatest common factor of 382287 and 366.
183
Calculate the greatest common divisor of 1012 and 13892.
92
What is the highest common divisor of 12 and 1952076?
12
What is the highest common factor of 177 and 147?
3
What is the greatest common factor of 40 and 819880?
40
Calculate the highest common divisor of 184210 and 1635.
545
Calculate the greatest common factor of 18 and 216846.
18
Calculate the greatest common divisor of 504622 and 382.
382
Calculate the highest common factor of 206850 and 15.
15
Calculate the greatest common divisor of 35 and 91595.
35
Calculate the highest common divisor of 2900 and 532440.
580
Calculate the highest common factor of 126 and 2250.
18
Calculate the highest common factor of 608 and 93784.
152
What is the greatest common factor of 2355 and 1286615?
785
Calculate the highest common factor of 2323 and 53360.
23
What is the greatest common factor of 288 and 853578?
18
Calculate the highest common divisor of 3723 and 223161.
219
Calculate the highest common factor of 19 and 106837.
19
What is the highest common factor of 38 and 242782?
38
What is the greatest common divisor of 6 and 124842?
6
What is the highest common divisor of 32925 and 200?
25
Calculate the highest common factor of 4810 and 810485.
2405
What is the highest common divisor of 451 and 187?
11
What is the highest common factor of 320 and 174000?
80
Calculate the highest common factor of 1116 and 7932.
12
Calculate the highest common divisor of 3071 and 629.
37
Calculate the highest common factor of 239688 and 72.
72
Calculate the highest common factor of 27063 and 6975.
279
Calculate the highest common divisor of 176 and 1397.
11
What is the highest common factor of 1500 and 1620?
60
Calculate the highest common divisor of 37560 and 9720.
120
Calculate the highest common divisor of 2679 and 555446.
893
Calculate the greatest common factor of 12467 and 19180.
959
What is the highest common divisor of 4328 and 4696?
8
Calculate the highest common factor of 219611 and 274.
137
What is the highest common divisor of 29941 and 47321?
79
What is the greatest common divisor of 11228 and 504?
28
Calculate the highest common factor of 8502 and 26494.
26
Calculate the highest common divisor of 1744 and 198598.
218
What is the greatest common factor of 76 and 2452?
4
What is the highest common divisor of 1245 and 10707?
249
Calculate the highest common factor of 32723 and 13674.
43
Calculate the highest common divisor of 2996848 and 16.
16
What is the highest common factor of 1496 and 8536?
88
What is the highest common factor of 3958101 and 126?
63
Calculate the highest common factor of 480342 and 3590.
718
Calculate the greatest common factor of 1441 and 8908.
131
What is the highest common divisor of 2520 and 8120?
280
What is the highest common factor of 42 and 2646150?
6
Calculate the highest common factor of 89 and 2733368.
89
What is the highest common divisor of 503019 and 99?
99
Calculate the highest common factor of 857 and 5999.
857
What is the highest common factor of 10944 and 2196?
36
Calculate the highest common factor of 24189850 and 19.
19
Calculate the highest common factor of 72 and 25848.
72
What is the highest common divisor of 8853 and 52?
13
Calculate the greatest common divisor of 203 and 529366.
29
Calculate the highest common divisor of 1994118 and 948.
474
What is the greatest common divisor of 959 and 1827?
7
What is the greatest common divisor of 155573 and 33?
11
Calculate the highest common factor of 4292 and 30102.
58
Calculate the highest common divisor of 57630 and 714.
102
Calculate the highest common divisor of 267956 and 78.
26
What is the highest common factor of 31 and 3503?
31
Calculate the greatest common divisor of 104 and 33631.
13
Calculate the highest common factor of 935 and 24650.
85
Calculate the highest common divisor of 400 and 25520.
80
What is the greatest common divisor of 13 and 116233?
13
What is the highest common factor of 1833 and 153?
3
What is the greatest common divisor of 8563193 and 166?
83
Calculate the greatest common factor of 1798 and 5022.
62
What is the highest common divisor of 1080 and 300780?
540
What is the greatest common factor of 35496 and 6?
6
Calculate the highest common factor of 166 and 1647301.
83
Calculate the greatest common factor of 539 and 1824515.
539
Calculate the highest common factor of 39892 and 76.
4
What is the greatest common divisor of 98 and 2209557?
49
Calculate the greatest common divisor of 668612 and 28.
28
What is the highest common factor of 200 and 466290?
10
Calculate the highest common divisor of 7120 and 21380.
20
Calculate the highest common divisor of 109656 and 72.
72
What is the highest common factor of 41845 and 5?
5
What is the highest common factor of 5405 and 1495?
115
Calculate the greatest common factor of 2119 and 702.
13
Calculate the greatest common factor of 2829682 and 282.
94
What is the highest common divisor of 308348 and 2041?
157
Calculate the highest common factor of 1896042 and 258.
258
Calculate the greatest common factor of 5695 and 1711917.
1139
What is the greatest common divisor of 2088 and 99?
9
Calculate the greatest common factor of 252447 and 13.
13
Calculate the highest common divisor of 262220 and 140.
140
What is the highest common divisor of 23188 and 132?
44
What is the greatest common factor of 164 and 92414?
82
Calculate the highest common divisor of 9019 and 12325.
29
Calculate the greatest common factor of 128 and 158432.
32
Calculate the highest common factor of 85130 and 10.
10
What is the highest common factor of 45 and 33285?
15
Calculate the highest common factor of 187902 and 15111.
657
What is the greatest common factor of 221256 and 6?
6
Calculate the highest common divisor of 958 and 1489211.
479
What is the greatest common factor of 83858 and 16974?
46
What is the highest common factor of 6592 and 8128?
64
Calculate the highest common factor of 17928 and 68392.
664
What is the highest common divisor of 227145 and 285?
285
Calculate the greatest common factor of 340 and 108840.
20
What is the highest common factor of 1204 and 473?
43
What is the greatest common factor of 171 and 1770078?
57
Calculate the highest common factor of 1785 and 26605.
85
Calculate the greatest common factor of 546 and 378966.
42
What is the highest common divisor of 57 and 100339?
19
Calculate the greatest common factor of 22378 and 3841.
167
What is the greatest common divisor of 284 and 49061?
71
What is the greatest common divisor of 810 and 3210?
30
Calculate the greatest common divisor of 192668 and 784.
196
Calculate the greatest common divisor of 64639 and 143254.
1747
What is the highest common divisor of 1214 and 1548457?
607
What is the highest common divisor of 2558658 and 138?
138
Calculate the highest common factor of 357791 and 13825.
553
Calculate the highest common divisor of 14742 and 504.
126
Calculate the highest common divisor of 2291 and 3239.
79
Calculate the greatest common factor of 420780 and 180.
60
Calculate the greatest common factor of 375 and 495.
15
Calculate the highest common factor of 20 and 175620.
20
Calculate the highest common factor of 24475 and 3971.
11
Calculate the highest common factor of 48 and 10267504.
16
What is the highest common factor of 246 and 1437378?
246
What is the greatest common divisor of 72 and 116514?
18
Calculate the highest common factor of 84 and 7868.
28
What is the highest common divisor of 8176 and